2, 7
Let h = 1506 + -1502. What are the prime factors of h?
2
Let f = -154 + 1878. List the prime factors of f.
2, 431
Let k(j) = -j**3 + 15*j**2 + 71*j + 21. List the prime factors of k(-13).
2, 5, 383
Suppose 0 = -q + o + 288, 4*o = -2*q - 2*q + 1160. What are the prime factors of q?
17
Suppose -3 = m + 2*b, -4*m - 2 = b + 3. Let y = m - -4. Suppose -y*n + 18 = -0. What are the prime factors of n?
2, 3
Suppose g = 2*a + 2*g - 8, 2*g = -3*a + 10. Suppose a*l = 5*l + 47. List the prime factors of l.
47
Let c be (-2 - -3)*-2*-1. Suppose c*m - 26 = -y, -y - y + 64 = 5*m. Suppose 6*g - 2*g - m = 0. List the prime factors of g.
3
Suppose 4 = 4*y, 41*a = 46*a + 3*y + 472. Let h be -2*2*(-38)/(-4). Let p = h - a. What are the prime factors of p?
3, 19
Let s(q) = q**2 - 6. Let a be s(3). Let m(j) = 34*j + 5. List the prime factors of m(a).
107
Let h = 3 + -8. Let q(c) = 6*c**2 + 2*c - 4. Let x be q(h). Suppose 6*m - x = 2*m. List the prime factors of m.
2, 17
Let f be (-3)/(-3 + (-18)/(-8)). Suppose f*y + 9 = 29. Suppose y*n - 5*i = 300, n - 31 = -i + 37. List the prime factors of n.
2
Let b = 3013 + -1722. List the prime factors of b.
1291
Let x be 1/((1 + 0)/2). Let u(c) = -x - c**2 + 2 + 10*c + 8. What are the prime factors of u(10)?
2
Let m = -338 - -1268. What are the prime factors of m?
2, 3, 5, 31
Let g be 3/(-9) + ((-20)/12 - 0). Let q(n) = 4*n**2 - 5*n. Let y be q(4). Let b = y + g. What are the prime factors of b?
2, 3, 7
Let g(u) = 6*u + 1. Let i = -11 + 16. What are the prime factors of g(i)?
31
Suppose -2*i - 38 + 10 = 0. Let w = i + 18. Suppose 4*o + w = k + 180, 0 = 2*o - 2*k - 88. List the prime factors of o.
2, 11
What are the prime factors of (-3 - (-120)/44) + 470010/330?
2, 89
Let k = -35 - -133. Let w be k/(-8) + 8/32. Let m = w - -61. List the prime factors of m.
7
Suppose 2*s = -5*s + 1239. What are the prime factors of s?
3, 59
Let z(h) = -h**3 + 4*h**2 + 5. Suppose -3*t - 2 = 2*w + 1, 3*w + 2 = -4*t. Let f = w - 2. List the prime factors of z(f).
5
Suppose 24 = -10*c + 12*c. Suppose -c*k + 200 = -4*k. What are the prime factors of k + (-5)/(-10)*-2?
2, 3
List the prime factors of (10/35)/((-3)/(-2562)).
2, 61
What are the prime factors of (-2328)/(-4) - 10/5?
2, 5, 29
Suppose 5*k = -5*j + 10, 0 = -2*k + 2*j - 7*j + 4. Suppose -k*v + 3*h - 172 = 0, 6*v - v + 2*h = -411. Let u = -51 - v. List the prime factors of u.
2
Let d be 0 - 0 - 702/(-3). Let b = d + -126. List the prime factors of b.
2, 3
Let w(d) = -d**2 - 74*d - 506. List the prime factors of w(-45).
17, 47
Let q = -14 - -1. Let f = q + 36. List the prime factors of f.
23
Suppose 3*t + 698 = -v + 5*v, 4*t + 520 = 3*v. What are the prime factors of v?
2, 11
Suppose 5*y = -j + 1692, -4*j + 4*y + 6798 = 9*y. What are the prime factors of j?
2, 23, 37
Let l be (-3 + 0 + 3)/2. Suppose -3*a + 4*i + 90 = l, a + 13 - 43 = -i. List the prime factors of a.
2, 3, 5
Suppose v + c = -5, -4*v + c - 26 = -c. List the prime factors of (5*(-4 + 0))/(1/v).
2, 3, 5
Suppose 0 = 12*t + 13 - 73. Suppose 1889 = t*r + 494. What are the prime factors of r?
3, 31
Suppose 3*p - 1196 = -2*k, 3*p + 3*k = 2*p + 401. List the prime factors of p.
2, 199
Suppose -4*s + 1072 = -4*v, 0 = s - 5*v - 20 - 232. What are the prime factors of s?
2, 17
Let w be -9*(-10)/(-18)*93. Let x be ((-4)/(-6))/(5/w). Let o = x + 112. What are the prime factors of o?
2, 5
Let v(n) = -n. Let g(f) = 2*f**2 - f + 5. Let w(z) = g(z) + 6*v(z). What are the prime factors of w(-6)?
7, 17
Let m = 69 - 62. Suppose -m*b + 143 = -4. List the prime factors of b.
3, 7
Let h = -3339 - -6190. What are the prime factors of h?
2851
Let w = 156 - -71. List the prime factors of w.
227
Let y be ((-90)/24)/((-6)/(-16)). What are the prime factors of (-15)/y*-2 - -172?
13
Let w(o) = 5*o**2 + 21*o - 47. List the prime factors of w(-18).
5, 239
Suppose -5*b + 86 = 216. Let k = b - -8. Let z = 64 + k. List the prime factors of z.
2, 23
List the prime factors of -3 - (-3 - -7) - -366.
359
Suppose 5*g = -2*w - 95, 3*g = 5*w + 22 - 110. Let j = g - -130. List the prime factors of j.
109
Let k be 5/(-5)*0/(-3). Suppose k*b - 5*b - 5*a = -955, 3*b = -4*a + 568. List the prime factors of b.
2, 7
Suppose 16 = 3*f - 4*t, -3*f = -4*f + 4*t + 16. Suppose f = 3*g + 3*u - 114, g = 4*u - 9*u + 46. What are the prime factors of g?
2, 3
Let f(g) = -33*g - 8. Let b(h) = h**2 + 15*h - 4. Let r be b(-15). What are the prime factors of f(r)?
2, 31
Let t(s) = 2*s + 16. Let j = 2 + 0. Suppose 5*c + 61 = 3*q, 0 = j*q - 5*c - 28 - 21. What are the prime factors of t(q)?
2, 5
Let u(r) = -344*r - 3. What are the prime factors of u(-1)?
11, 31
Suppose 302 = 2*n + j + 41, -4*j - 646 = -5*n. What are the prime factors of n?
2, 5, 13
Let o = 415 + 20. List the prime factors of o.
3, 5, 29
Let w(u) = -u**3 - 7*u**2 - 3*u - 17. Let h be w(-7). Let f be h - ((1 - -12) + -4). Let m(o) = -3*o + 4. What are the prime factors of m(f)?
19
Let h = 71 - -171. What are the prime factors of h?
2, 11
Suppose -2*g + 674 = 186. Suppose -829 = -3*q - g. List the prime factors of q.
3, 5, 13
What are the prime factors of ((48/6)/(-8))/((-1)/314)?
2, 157
Suppose 3*v + 68 - 786 = -x, -x = v - 238. Let l = v + -152. Suppose -t + 2*a + l = t, 223 = 5*t - 2*a. What are the prime factors of t?
3, 5
Suppose 605 + 1835 = 20*f. List the prime factors of f.
2, 61
Suppose -a + 3*b + b = -20, 0 = 3*b + 3. Suppose 149 - 21 = 4*d. Suppose d + a = 3*h. What are the prime factors of h?
2
Let a(w) = -3*w + w**3 - 5*w**3 - 4*w**2 - 1 + 3*w**3. What are the prime factors of a(-6)?
89
Let w be (9/4)/((-9)/(-60)). Suppose -s - 2*p - 4 = -p, 14 = -3*s - 2*p. What are the prime factors of (w/s + 3)*44?
2, 11
Suppose -13*y + 14247 = -4*y. List the prime factors of y.
1583
Let x = 37 - 7. Let h = -16 + 56. Let f = h - x. What are the prime factors of f?
2, 5
Let t(j) = 17*j**3 - 6*j**2 + 5*j - 5. Let g be ((-4 - -7) + 10/(-3))*-6. List the prime factors of t(g).
3, 13
Let h = -84 - -123. Suppose -35*t - 436 = -h*t. What are the prime factors of t?
109
What are the prime factors of 1/(9/33270) - (-44)/33?
2, 43
Let q be 4/(-12) + 1311/(-9). Let p = q + 342. List the prime factors of p.
2, 7
Let l be (-2)/4*(-2 - 8). Suppose -c = c - l*i - 14, -4*i + 8 = 0. List the prime factors of c.
2, 3
Let h = 61 - 64. List the prime factors of 4/4*(139 + (h - -1)).
137
Suppose -4*s + 6*q + 3447 = 9*q, -s = -4*q - 876. Suppose 0 = -2*w - w + a + s, 2*w - 572 = 2*a. What are the prime factors of w?
17
Let s = 45 + -40. List the prime factors of (-3)/(s/((-3325)/15)).
7, 19
Let z(g) = g**3 - 5*g**2 + g + 1. Let d be z(5). Suppose -21*h + 18*h = 0. Suppose 3*l = -h*l + d. What are the prime factors of l?
2
Suppose 6*n + 1915 + 989 = 0. Let i = -205 - n. List the prime factors of i.
3, 31
Let j(k) be the second derivative of k**4/12 - 2*k**3/3 - 6*k**2 + 10*k. What are the prime factors of j(-6)?
2, 3
Suppose 2*q - 7*q = -965. What are the prime factors of q?
193
Let h be (-5)/(-20) + (-1845)/(-12). Let y = h + -108. What are the prime factors of y?
2, 23
Let l(p) = 2*p + 11. Let u be l(-7). Let h(m) = -m**3 + 4*m**2 + 2*m + 1. What are the prime factors of h(u)?
2, 29
Suppose -3*z + 1 = -2*f, 3*f = 2 + 1. What are the prime factors of (16/10)/(z/30)?
2, 3
Let t = 1304 - 896. What are the prime factors of t?
2, 3, 17
Suppose 3*m - 3*p - 70 = -p, m = 2*p + 26. Suppose -18 = -12*t + 6. Suppose 20 = t*z - m. List the prime factors of z.
3, 7
Let m(r) = -18*r + 166. List the prime factors of m(6).
2, 29
Suppose 0 = -4*w - 4*i + 24, -4*w = w + 3*i - 26. Suppose w*g = -g. Suppose -u = -g*u - 4. What are the prime factors of u?
2
Suppose 0 = -3*j + 10*j. Suppose -z - 3*z = j. Suppose 0 = -2*v + v - 3*k + 27, z = -v + 3*k + 51. List the prime factors of v.
3, 13
Let d be 2*-17 - (-36)/12. Let k = 50 + d. What are the prime factors of k?
19
Let u(m) = 2*m**2 - 3*m + 1. Let b be u(2). Suppose -3*c - 2*s = -0*c - 33, 4*s - 27 = -b*c. Let r = c + 6. What are the prime factors of r?
19
List the prime factors of 53004/60 + (-16)/40.
883
Let o(w) = 3*w**2 + w - 4. Let t be 315/27 - 2/(-6). Suppose -h = 15 - t. List the prime factors of o(h).
2, 5
Suppose -18*i - 10681 = -74005. List the prime factors of i.
2, 1759
Suppose 0 = -2*m - 3*f + 477